{"id":7197,"date":"2025-10-07T17:42:17","date_gmt":"2025-10-07T15:42:17","guid":{"rendered":"https:\/\/conbiand.site\/?page_id=7197"},"modified":"2025-10-23T11:48:37","modified_gmt":"2025-10-23T09:48:37","slug":"biodiversidad-de-los-equidos-iberoamericanos","status":"publish","type":"page","link":"https:\/\/conbiand.site\/?page_id=7197","title":{"rendered":"Biodiversidad de los \u00e9quidos iberoamericanos"},"content":{"rendered":"\t\t<div data-elementor-type=\"wp-page\" data-elementor-id=\"7197\" class=\"elementor elementor-7197\">\n\t\t\t\t\t\t<section class=\"elementor-section elementor-top-section elementor-element elementor-element-59cad40 elementor-section-boxed elementor-section-height-default elementor-section-height-default\" data-id=\"59cad40\" data-element_type=\"section\" data-e-type=\"section\">\n\t\t\t\t\t\t<div class=\"elementor-container elementor-column-gap-default\">\n\t\t\t\t\t<div class=\"elementor-column elementor-col-50 elementor-top-column elementor-element elementor-element-7b7d4d0\" data-id=\"7b7d4d0\" data-element_type=\"column\" data-e-type=\"column\">\n\t\t\t<div class=\"elementor-widget-wrap elementor-element-populated\">\n\t\t\t\t\t\t<div class=\"elementor-element elementor-element-38fe6f4 elementor-widget elementor-widget-image\" data-id=\"38fe6f4\" data-element_type=\"widget\" data-e-type=\"widget\" data-widget_type=\"image.default\">\n\t\t\t\t<div class=\"elementor-widget-container\">\n\t\t\t\t\t\t\t\t\t\t\t\t\t\t\t<img fetchpriority=\"high\" decoding=\"async\" width=\"633\" height=\"443\" src=\"https:\/\/conbiand.site\/wp-content\/uploads\/2025\/10\/equidos.jpg\" class=\"attachment-large size-large wp-image-7201\" alt=\"\" srcset=\"https:\/\/conbiand.site\/wp-content\/uploads\/2025\/10\/equidos.jpg 633w, https:\/\/conbiand.site\/wp-content\/uploads\/2025\/10\/equidos-300x210.jpg 300w\" sizes=\"(max-width: 633px) 100vw, 633px\" \/>\t\t\t\t\t\t\t\t\t\t\t\t\t\t\t<\/div>\n\t\t\t\t<\/div>\n\t\t\t\t\t<\/div>\n\t\t<\/div>\n\t\t\t\t<div class=\"elementor-column elementor-col-50 elementor-top-column elementor-element elementor-element-9729477\" data-id=\"9729477\" data-element_type=\"column\" data-e-type=\"column\">\n\t\t\t<div class=\"elementor-widget-wrap elementor-element-populated\">\n\t\t\t\t\t\t<div class=\"elementor-element elementor-element-838b68a elementor-widget elementor-widget-text-editor\" data-id=\"838b68a\" data-element_type=\"widget\" data-e-type=\"widget\" data-widget_type=\"text-editor.default\">\n\t\t\t\t<div class=\"elementor-widget-container\">\n\t\t\t\t\t\t\t\t\t<p><style><span data-mce-type=\"bookmark\" style=\"display: inline-block; width: 0px; overflow: hidden; line-height: 0;\" class=\"mce_SELRES_start\">\ufeff<\/span><span data-mce-type=\"bookmark\" style=\"display: inline-block; width: 0px; overflow: hidden; line-height: 0;\" class=\"mce_SELRES_start\">\ufeff<\/span> table { width: 100%; border-collapse: collapse; margin-top: 1em; font-family: Arial, sans-serif; font-size: 90%;  } th, td { border: 1px solid #ccc; padding: 10px; text-align: left; } th { background-color: #f4f4f4; font-weight: bold; } tr:nth-child(even) { background-color: #fafafa; } <\/style><\/p><table><tbody><tr><td><strong>T\u00edtulo<\/strong><\/td><td>Biodiversidad de los \u00c9quidos Iberoamericanos<\/td><\/tr><tr><td><strong>Autores<\/strong><\/td><td>Nuno Carolino, Antonio Vicente, Jos\u00e9 Luis Vega Pla, Silvina D\u00edaz, Ricardo Faria, Juan Vicente Delgado Bermejo<\/td><\/tr><tr><td><strong>Colaboradores<\/strong><\/td><td>95 autores de 19 pa\u00edses<\/td><\/tr><tr><td><strong>Formato<\/strong><\/td><td>E-book (PDF)<\/td><\/tr><tr><td><strong>ISBN<\/strong><\/td><td>978-989-33-8470-1<\/td><\/tr><tr><td><strong>Cap\u00edtulos<\/strong><\/td><td>19 (uno por pa\u00eds\/regi\u00f3n)<\/td><\/tr><tr><td><strong>Razas descritas<\/strong><\/td><td>100 (82 equinas, 18 asininas)<\/td><\/tr><tr><td><strong>Enfoque<\/strong><\/td><td>Conservaci\u00f3n gen\u00e9tica, patrimonio cultural, desarrollo rural sostenible<\/td><\/tr><tr><td><strong>Entidades colaboradoras<\/strong><\/td><td>Red CONBIAND, ABC SL, AGR-218, SERGA, SPREGA, APSL, Ruralbit, ANIPURA<\/td><\/tr><tr><td><strong>Idiomas<\/strong><\/td><td>Espa\u00f1ol y portugu\u00e9s<\/td><\/tr><tr><td><strong>Disponible en<\/strong><\/td><td><a  data-e-Disable-Page-Transition=\"true\" class=\"download-link\" title=\"Versi\u00f3n book_biodiversidad de los e\u0301quidos iberoamericanos\" href=\"http:\/\/conbiand.site?download=7581&amp;tmstv=1778328334\" rel=\"nofollow\" id=\"download-link-7581\" data-redirect=\"false\" >\n\tBiodiversidad Equidos Iberoamericanos\t(842 descargas\t)\n<\/a>\n<\/td><\/tr><\/tbody><\/table>\t\t\t\t\t\t\t\t<\/div>\n\t\t\t\t<\/div>\n\t\t\t\t\t<\/div>\n\t\t<\/div>\n\t\t\t\t\t<\/div>\n\t\t<\/section>\n\t\t\t\t<section class=\"elementor-section elementor-top-section elementor-element elementor-element-7f49a4e elementor-section-boxed elementor-section-height-default elementor-section-height-default\" data-id=\"7f49a4e\" data-element_type=\"section\" data-e-type=\"section\">\n\t\t\t\t\t\t<div class=\"elementor-container elementor-column-gap-default\">\n\t\t\t\t\t<div class=\"elementor-column elementor-col-100 elementor-top-column elementor-element elementor-element-14129d7\" data-id=\"14129d7\" data-element_type=\"column\" data-e-type=\"column\">\n\t\t\t<div class=\"elementor-widget-wrap elementor-element-populated\">\n\t\t\t\t\t\t<div class=\"elementor-element elementor-element-39d4633 elementor-widget-divider--view-line elementor-widget elementor-widget-divider\" data-id=\"39d4633\" data-element_type=\"widget\" data-e-type=\"widget\" data-widget_type=\"divider.default\">\n\t\t\t\t<div class=\"elementor-widget-container\">\n\t\t\t\t\t\t\t<div class=\"elementor-divider\">\n\t\t\t<span class=\"elementor-divider-separator\">\n\t\t\t\t\t\t<\/span>\n\t\t<\/div>\n\t\t\t\t\t\t<\/div>\n\t\t\t\t<\/div>\n\t\t\t\t\t<\/div>\n\t\t<\/div>\n\t\t\t\t\t<\/div>\n\t\t<\/section>\n\t\t\t\t<section class=\"elementor-section elementor-top-section elementor-element elementor-element-4365b16 elementor-section-boxed elementor-section-height-default elementor-section-height-default\" data-id=\"4365b16\" data-element_type=\"section\" data-e-type=\"section\">\n\t\t\t\t\t\t<div class=\"elementor-container elementor-column-gap-default\">\n\t\t\t\t\t<div class=\"elementor-column elementor-col-50 elementor-top-column elementor-element elementor-element-deb7132\" data-id=\"deb7132\" data-element_type=\"column\" data-e-type=\"column\">\n\t\t\t<div class=\"elementor-widget-wrap elementor-element-populated\">\n\t\t\t\t\t\t<div class=\"elementor-element elementor-element-e017ce6 elementor-widget__width-initial elementor-widget elementor-widget-image\" data-id=\"e017ce6\" data-element_type=\"widget\" data-e-type=\"widget\" data-widget_type=\"image.default\">\n\t\t\t\t<div class=\"elementor-widget-container\">\n\t\t\t\t\t\t\t\t\t\t\t\t<figure class=\"wp-caption\">\n\t\t\t\t\t\t\t\t\t\t<img decoding=\"async\" width=\"427\" height=\"398\" src=\"https:\/\/conbiand.site\/wp-content\/uploads\/2025\/10\/Imagen3.jpg\" class=\"attachment-large size-large wp-image-7210\" alt=\"\" srcset=\"https:\/\/conbiand.site\/wp-content\/uploads\/2025\/10\/Imagen3.jpg 427w, https:\/\/conbiand.site\/wp-content\/uploads\/2025\/10\/Imagen3-300x280.jpg 300w\" sizes=\"(max-width: 427px) 100vw, 427px\" \/>\t\t\t\t\t\t\t\t\t\t\t<figcaption class=\"widget-image-caption wp-caption-text\">Dedicatoria a:\nJos\u00e9 L\u00fais Canel\u00f3n<\/figcaption>\n\t\t\t\t\t\t\t\t\t\t<\/figure>\n\t\t\t\t\t\t\t\t\t<\/div>\n\t\t\t\t<\/div>\n\t\t\t\t\t<\/div>\n\t\t<\/div>\n\t\t\t\t<div class=\"elementor-column elementor-col-50 elementor-top-column elementor-element elementor-element-06b2979\" data-id=\"06b2979\" data-element_type=\"column\" data-e-type=\"column\">\n\t\t\t<div class=\"elementor-widget-wrap elementor-element-populated\">\n\t\t\t\t\t\t<div class=\"elementor-element elementor-element-ad72ea3 elementor-widget__width-initial elementor-widget elementor-widget-image\" data-id=\"ad72ea3\" data-element_type=\"widget\" data-e-type=\"widget\" data-widget_type=\"image.default\">\n\t\t\t\t<div class=\"elementor-widget-container\">\n\t\t\t\t\t\t\t\t\t\t\t\t<figure class=\"wp-caption\">\n\t\t\t\t\t\t\t\t\t\t<img decoding=\"async\" width=\"541\" height=\"227\" src=\"https:\/\/conbiand.site\/wp-content\/uploads\/2025\/10\/Imagen4.png\" class=\"attachment-large size-large wp-image-7214\" alt=\"\" srcset=\"https:\/\/conbiand.site\/wp-content\/uploads\/2025\/10\/Imagen4.png 541w, https:\/\/conbiand.site\/wp-content\/uploads\/2025\/10\/Imagen4-300x126.png 300w\" sizes=\"(max-width: 541px) 100vw, 541px\" \/>\t\t\t\t\t\t\t\t\t\t\t<figcaption class=\"widget-image-caption wp-caption-text\">Agradecimientos: A todas las Asociaciones de Criadores de \u00e9quidos aut\u00f3ctonos o locales y especialmente a los criollos<\/figcaption>\n\t\t\t\t\t\t\t\t\t\t<\/figure>\n\t\t\t\t\t\t\t\t\t<\/div>\n\t\t\t\t<\/div>\n\t\t\t\t\t<\/div>\n\t\t<\/div>\n\t\t\t\t\t<\/div>\n\t\t<\/section>\n\t\t\t\t<section class=\"elementor-section elementor-top-section elementor-element elementor-element-a756e1e elementor-section-boxed elementor-section-height-default elementor-section-height-default\" data-id=\"a756e1e\" data-element_type=\"section\" data-e-type=\"section\">\n\t\t\t\t\t\t<div class=\"elementor-container elementor-column-gap-default\">\n\t\t\t\t\t<div class=\"elementor-column elementor-col-100 elementor-top-column elementor-element elementor-element-aceac7a\" data-id=\"aceac7a\" data-element_type=\"column\" data-e-type=\"column\">\n\t\t\t<div class=\"elementor-widget-wrap elementor-element-populated\">\n\t\t\t\t\t\t<div class=\"elementor-element elementor-element-696a866 elementor-widget-divider--view-line elementor-widget elementor-widget-divider\" data-id=\"696a866\" data-element_type=\"widget\" data-e-type=\"widget\" data-widget_type=\"divider.default\">\n\t\t\t\t<div class=\"elementor-widget-container\">\n\t\t\t\t\t\t\t<div class=\"elementor-divider\">\n\t\t\t<span class=\"elementor-divider-separator\">\n\t\t\t\t\t\t<\/span>\n\t\t<\/div>\n\t\t\t\t\t\t<\/div>\n\t\t\t\t<\/div>\n\t\t\t\t\t<\/div>\n\t\t<\/div>\n\t\t\t\t\t<\/div>\n\t\t<\/section>\n\t\t\t\t<section class=\"elementor-section elementor-top-section elementor-element elementor-element-444247e elementor-section-boxed elementor-section-height-default elementor-section-height-default\" data-id=\"444247e\" data-element_type=\"section\" data-e-type=\"section\">\n\t\t\t\t\t\t<div class=\"elementor-container elementor-column-gap-default\">\n\t\t\t\t\t<div class=\"elementor-column elementor-col-100 elementor-top-column elementor-element elementor-element-f1c7d3c\" data-id=\"f1c7d3c\" data-element_type=\"column\" data-e-type=\"column\">\n\t\t\t<div class=\"elementor-widget-wrap elementor-element-populated\">\n\t\t\t\t\t\t<div class=\"elementor-element elementor-element-38d7c55 elementor-widget elementor-widget-heading\" data-id=\"38d7c55\" data-element_type=\"widget\" data-e-type=\"widget\" data-widget_type=\"heading.default\">\n\t\t\t\t<div class=\"elementor-widget-container\">\n\t\t\t\t\t<h2 class=\"elementor-heading-title elementor-size-default\">Preguntas frecuentes<\/h2>\t\t\t\t<\/div>\n\t\t\t\t<\/div>\n\t\t\t\t\t<\/div>\n\t\t<\/div>\n\t\t\t\t\t<\/div>\n\t\t<\/section>\n\t\t\t\t<section class=\"elementor-section elementor-top-section elementor-element elementor-element-20884f2 elementor-section-boxed elementor-section-height-default elementor-section-height-default\" data-id=\"20884f2\" data-element_type=\"section\" data-e-type=\"section\">\n\t\t\t\t\t\t<div class=\"elementor-container elementor-column-gap-default\">\n\t\t\t\t\t<div class=\"elementor-column elementor-col-100 elementor-top-column elementor-element elementor-element-50ac729\" data-id=\"50ac729\" data-element_type=\"column\" data-e-type=\"column\">\n\t\t\t<div class=\"elementor-widget-wrap elementor-element-populated\">\n\t\t\t\t\t\t<div class=\"elementor-element elementor-element-1dd406f elementor-widget elementor-widget-text-editor\" data-id=\"1dd406f\" data-element_type=\"widget\" data-e-type=\"widget\" data-widget_type=\"text-editor.default\">\n\t\t\t\t<div class=\"elementor-widget-container\">\n\t\t\t\t\t\t\t\t\t<p><strong>\u00bfQu\u00e9 tipo de contenido ofrece el libro?<\/strong><br \/>El libro presenta estudios t\u00e9cnicos y culturales sobre razas de caballos y asnos aut\u00f3ctonos en Iberoam\u00e9rica, con \u00e9nfasis en conservaci\u00f3n gen\u00e9tica y desarrollo rural.<\/p><p><strong>\u00bfEst\u00e1 disponible en formato f\u00edsico?<\/strong><br \/>No, actualmente solo est\u00e1 disponible como e-book en formato PDF.<\/p><p><strong>\u00bfA qui\u00e9n est\u00e1 dirigido?<\/strong><br \/>A investigadores, criadores, instituciones de conservaci\u00f3n, profesionales del sector rural y amantes de la biodiversidad equina.<\/p><p><strong>\u00bfQu\u00e9 pa\u00edses est\u00e1n representados?<\/strong><br \/>Incluye cap\u00edtulos sobre Argentina, Bolivia, Brasil, Chile, Colombia, Costa Rica, Cuba, Ecuador, El Salvador, Espa\u00f1a, Estados Unidos, Guatemala, M\u00e9xico, Per\u00fa, Portugal, Puerto Rico, Uruguay y Venezuela.<\/p><p><strong>\u00bfD\u00f3nde se puede conseguir?<\/strong><br \/>A trav\u00e9s de la Red CONBIAND y entidades colaboradoras como ABC SL o SERGA.<\/p>\t\t\t\t\t\t\t\t<\/div>\n\t\t\t\t<\/div>\n\t\t\t\t\t<\/div>\n\t\t<\/div>\n\t\t\t\t\t<\/div>\n\t\t<\/section>\n\t\t\t\t<\/div>\n\t\t","protected":false},"excerpt":{"rendered":"<p>T\u00edtulo Biodiversidad de los \u00c9quidos Iberoamericanos Autores Nuno Carolino, Antonio Vicente, Jos\u00e9 Luis Vega Pla, Silvina D\u00edaz, Ricardo Faria, Juan Vicente Delgado Bermejo Colaboradores 95 autores de 19 pa\u00edses Formato E-book (PDF) ISBN 978-989-33-8470-1 Cap\u00edtulos 19 (uno por pa\u00eds\/regi\u00f3n) Razas descritas 100 (82 equinas, 18 asininas) Enfoque Conservaci\u00f3n gen\u00e9tica, patrimonio cultural, desarrollo rural sostenible Entidades [&hellip;]<\/p>\n","protected":false},"author":1,"featured_media":0,"parent":0,"menu_order":0,"comment_status":"closed","ping_status":"closed","template":"","meta":{"site-sidebar-layout":"no-sidebar","site-content-layout":"page-builder","ast-site-content-layout":"full-width-container","site-content-style":"default","site-sidebar-style":"default","ast-global-header-display":"","ast-banner-title-visibility":"","ast-main-header-display":"","ast-hfb-above-header-display":"","ast-hfb-below-header-display":"","ast-hfb-mobile-header-display":"","site-post-title":"","ast-breadcrumbs-content":"","ast-featured-img":"disabled","footer-sml-layout":"","ast-disable-related-posts":"","theme-transparent-header-meta":"","adv-header-id-meta":"","stick-header-meta":"","header-above-stick-meta":"","header-main-stick-meta":"","header-below-stick-meta":"","astra-migrate-meta-layouts":"set","ast-page-background-enabled":"default","ast-page-background-meta":{"desktop":{"background-color":"var(--ast-global-color-4)","background-image":"","background-repeat":"repeat","background-position":"center center","background-size":"auto","background-attachment":"scroll","background-type":"","background-media":"","overlay-type":"","overlay-color":"","overlay-opacity":"","overlay-gradient":""},"tablet":{"background-color":"","background-image":"","background-repeat":"repeat","background-position":"center center","background-size":"auto","background-attachment":"scroll","background-type":"","background-media":"","overlay-type":"","overlay-color":"","overlay-opacity":"","overlay-gradient":""},"mobile":{"background-color":"","background-image":"","background-repeat":"repeat","background-position":"center center","background-size":"auto","background-attachment":"scroll","background-type":"","background-media":"","overlay-type":"","overlay-color":"","overlay-opacity":"","overlay-gradient":""}},"ast-content-background-meta":{"desktop":{"background-color":"var(--ast-global-color-5)","background-image":"","background-repeat":"repeat","background-position":"center center","background-size":"auto","background-attachment":"scroll","background-type":"","background-media":"","overlay-type":"","overlay-color":"","overlay-opacity":"","overlay-gradient":""},"tablet":{"background-color":"var(--ast-global-color-5)","background-image":"","background-repeat":"repeat","background-position":"center center","background-size":"auto","background-attachment":"scroll","background-type":"","background-media":"","overlay-type":"","overlay-color":"","overlay-opacity":"","overlay-gradient":""},"mobile":{"background-color":"var(--ast-global-color-5)","background-image":"","background-repeat":"repeat","background-position":"center center","background-size":"auto","background-attachment":"scroll","background-type":"","background-media":"","overlay-type":"","overlay-color":"","overlay-opacity":"","overlay-gradient":""}},"ngg_post_thumbnail":0,"footnotes":""},"class_list":["post-7197","page","type-page","status-publish","hentry"],"_links":{"self":[{"href":"https:\/\/conbiand.site\/index.php?rest_route=\/wp\/v2\/pages\/7197","targetHints":{"allow":["GET"]}}],"collection":[{"href":"https:\/\/conbiand.site\/index.php?rest_route=\/wp\/v2\/pages"}],"about":[{"href":"https:\/\/conbiand.site\/index.php?rest_route=\/wp\/v2\/types\/page"}],"author":[{"embeddable":true,"href":"https:\/\/conbiand.site\/index.php?rest_route=\/wp\/v2\/users\/1"}],"replies":[{"embeddable":true,"href":"https:\/\/conbiand.site\/index.php?rest_route=%2Fwp%2Fv2%2Fcomments&post=7197"}],"version-history":[{"count":34,"href":"https:\/\/conbiand.site\/index.php?rest_route=\/wp\/v2\/pages\/7197\/revisions"}],"predecessor-version":[{"id":7586,"href":"https:\/\/conbiand.site\/index.php?rest_route=\/wp\/v2\/pages\/7197\/revisions\/7586"}],"wp:attachment":[{"href":"https:\/\/conbiand.site\/index.php?rest_route=%2Fwp%2Fv2%2Fmedia&parent=7197"}],"curies":[{"name":"wp","href":"https:\/\/api.w.org\/{rel}","templated":true}]}}